er?
False
Is 75679 a composite number?
False
Is 426655 composite?
True
Is 55661 composite?
False
Is 138511 composite?
False
Is 21647 a composite number?
False
Is 196379 a prime number?
True
Is 1329197 a prime number?
True
Is 10793 prime?
False
Is 3957 a prime number?
False
Is 2681065 a prime number?
False
Is 5399 prime?
True
Is 64763 a composite number?
False
Is 1211303 a composite number?
False
Is 420143 a composite number?
True
Is 73339 composite?
True
Is 64151 prime?
True
Is 170603 prime?
True
Is 1163947 a prime number?
True
Is 3131 a prime number?
False
Is 225679 a prime number?
False
Is 2179 a prime number?
True
Is 50419 composite?
True
Is 1992431 a composite number?
True
Is 16018 prime?
False
Is 3659 a prime number?
True
Is 168897 composite?
True
Is 28799 a prime number?
False
Is 147703 a composite number?
False
Is 392423 composite?
False
Is 30626 prime?
False
Is 247985 a composite number?
True
Is 7663 a prime number?
False
Is 50063 composite?
True
Is 299257 a composite number?
True
Is 2741 a composite number?
False
Is 446627 composite?
True
Is 5431 composite?
False
Is 190987 a composite number?
True
Is 34871 a composite number?
False
Is 21349 composite?
True
Is 11399 composite?
False
Is 3989 composite?
False
Is 5939 prime?
True
Is 107403 a composite number?
True
Is 2841 composite?
True
Is 2927 prime?
True
Is 142763 prime?
False
Is 105071 a prime number?
True
Is 26479 composite?
False
Is 59539 prime?
True
Is 271163 a composite number?
False
Is 410149 a prime number?
True
Is 2155499 a prime number?
True
Is 5714 composite?
True
Is 6711 a composite number?
True
Is 41885 a prime number?
False
Is 532087 prime?
False
Is 66271 a prime number?
True
Is 957499 a composite number?
False
Is 42199 composite?
True
Is 145091 a composite number?
False
Is 26747 composite?
True
Is 7393 a prime number?
True
Is 49297 prime?
True
Is 10453 a prime number?
True
Is 3863 a composite number?
False
Is 260171 prime?
True
Is 415319 composite?
False
Is 161053 a prime number?
True
Is 227717 a prime number?
False
Is 20491 a prime number?
False
Is 13987 a prime number?
False
Is 265345 a composite number?
True
Is 73769 a composite number?
True
Is 129167 composite?
True
Is 135143 a prime number?
False
Is 611293 a prime number?
True
Is 37577 a prime number?
False
Is 2767 a prime number?
True
Is 3574 a prime number?
False
Is 98567 prime?
False
Is 1102333 prime?
True
Is 26203 composite?
False
Is 541 a prime number?
True
Is 505 a composite number?
True
Is 8819 a composite number?
False
Is 33395 prime?
False
Is 143657 composite?
True
Is 24733 a composite number?
False
Is 3643 composite?
False
Is 3901961 composite?
True
Is 15919 a prime number?
True
Is 65881 a composite number?
False
Is 45755 a prime number?
False
Is 13607 a composite number?
True
Is 433309 composite?
False
Is 289585 a prime number?
False
Is 379 a composite number?
False
Is 503 prime?
True
Is 257 prime?
True
Is 68941 a prime number?
False
Is 1624573 a composite number?
False
Is 10393 a prime number?
False
Is 663101 a prime number?
False
Is 151267 a prime number?
False
Is 16909 composite?
True
Is 181 composite?
False
Is 151229 prime?
False
Is 46327 a composite number?
False
Is 547007 prime?
True
Is 666098 a composite number?
True
Is 1739 composite?
True
Is 65049 a composite number?
True
Is 31522 a composite number?
True
Is 132823 a composite number?
True
Is 183727 a composite number?
True
Is 1399 composite?
False
Is 4429 composite?
True
Is 21331 prime?
False
Is 351527 a prime number?
False
Is 15286 a prime number?
False
Is 358747 a composite number?
False
Is 280859 prime?
True
Is 113609 prime?
False
Is 21921 composite?
True
Is 7669 a composite number?
False
Is 11411 prime?
True
Is 3803 prime?
True
Is 370583 prime?
False
Is 1109951 a prime number?
True
Is 11057 composite?
False
Is 19829 a prime number?
False
Is 6469 composite?
False
Is 649169 a composite number?
True
Is 296903 a composite number?
True
Is 5602 composite?
True
Is 4404683 a composite number?
True
Is 1222981 prime?
False
Is 1069 prime?
True
Is 431017 a composite number?
False
Is 1029077 a prime number?
False
Is 2284831 prime?
True
Is 2339 a prime number?
True
Is 34057 prime?
True
Is 94687 a prime number?
True
Is 172999 a prime number?
True
Is 177167 a composite number?
False
Is 20851 a prime number?
False
Is 38746 a prime number?
False
Is 1399 prime?
True
Is 65623 a composite number?
True
Is 49729 a composite number?
True
Is 397 prime?
True
Is 49583 a composite number?
True
Is 23755 prime?
False
Is 5531 composite?
False
Is 68141 a composite number?
False
Is 5161 a composite number?
True
Is 107269 a composite number?
False
Is 220127 a composite number?
True
Is 1806109 a composite number?
True
Is 2551609 prime?
False
Is 68461 prime?
False
Is 33427 a composite number?
False
Is 2483077 a composite number?
False
Is 1205 composite?
True
Is 57091 composite?
True
Is 47207 a prime number?
True
Is 190253 composite?
True
Is 34667 a composite number?
False
Is 7103 composite?
False
Is 21943 composite?
False
Is 49363 composite?
False
Is 229987 a composite number?
True
Is 63229 a composite number?
True
Is 2203 a composite number?
False
Is 42869 composite?
True
Is 126631 a prime number?
True
Is 23603 composite?
False
Is 11251 composite?
False
Is 749843 a prime number?
True
Is 54527 prime?
False
Is 112555 a prime number?
False
Is 567123 a prime number?
False
Is 88379 a composite number?
False
Is 14349 composite?
True
Is 99571 composite?
False
Is 12849 a composite number?
True
Is 9391 composite?
False
Is 3707 a composite number?
True
Is 154891 composite?
True
Is 22343 a prime number?
True
Is 176729 a prime number?
False
Is 23889 a composite number?
True
Is 44801 prime?
False
Is 7069 composite?
False
Is 84431 composite?
False
Is 491 composite?
False
Is 1781 composite?
True
Is 352561 composite?
True
Is 139011 composite?
True
Is 1693 a prime number?
True
Is 3998 prime?
False
Is 459985 composite?
True
Is 29077 composite?
False
Is 15179 a composite number?
True
Is 2333 a composite number?
False
Is 122959 a composite number?
True
Is 243197 composite?
False
Is 749 a prime number?
False
Is 650059 a prime number?
True
Is 25097 prime?
True
Is 31013 a prime number?
True
Is 116309 composite?
True
Is 4327 composite?
False
Is 15277 a prime number?
True
Is 123239 composite?
False
Is 39643 composite?
True
Is 1151 composite?
False
Is 327233 composite?
True
Is 8497 a composite number?
True
Is 175091 a composite number?
True
Is 31933 composite?
True
Is 550957 a composite number?
True
Is 410203 a composite number?
False
Is 362003 composite?
False
Is 29383 a composite number?
False
Is 1214179 a prime number?
False
Is 578443 a prime number?
False
Is 592645 a composite number?
True
Is 105467 a composite number?
False
Is 6614 a composite number?
True
Is 230749 prime?
False
Is 15493 a prime number?
True
Is 25819 composite?
False
Is 5146381 composite?
False
Is 871921 composite?
True
Is 82987 a composite number?
True
Is 22141 a composite number?
True
Is 14843 a prime number?
True
Is 12587 a composite number?
True
Is 5531 prime?
True
Is 18457 a composite number?
False
Is 34094 a composite number?
True
Is 5623 prime?
True
Is 56435 prime?
False
Is 32127 a composite number?
True
Is 572543 a composite number?
True
Is 10279 composite?
True
Is 34019 a composite number?
False
Is 63341 composite?
True
Is 15661 a composite number?
False
Is 22583 a composite number?
True
Is 94099 composite?
False
Is 1259899 a composite number?
False
Is 887 a composite number?
False
Is 16957 prime?
False
Is 13841 composite?
False
Is 329503 composite?
False
Is 66013 a prime number?
False
Is 231343 prime?
False
Is 84377 a prime number?
True
Is 78059 composite?
False
Is 379 composite?
False
Is 2579 a composite number?
False
Is 369191 prime?
True
Is 393449 composite?
True
Is 1739 prime?
False
Is 4663 a composite number?
False
Is 25013 prime?
True
Is 358042 prime?
False
Is 387851 prime?
False
Is 79537 prime?
True
Is 15551 composite?
False
Is 45718 prime?
False
Is 8779 a composite number?
False
Is 106565 a prime number?
False
Is 519349 a composite number?
False
Is 30161 a prime number?
True
Is 11203 composite?
True
Is 775469 a prime number?
False
Is 31013 a prime number?
True
Is 27361 composite?
False
Is 730111 a composite 